 7*i**2 + 6*i - 3. Let q be c(6). Let d = q - -6. List the prime factors of d.
3
Let b be (-1)/3 - 58/6. Let t = -35 + 56. Let z = b + t. List the prime factors of z.
11
Let n(v) = v**2 - 11*v + 12. Let y be 8 - (-2 + 0/(-1)). Let m be n(y). Suppose m*z - z = 8. List the prime factors of z.
2
Suppose -2*q + 0*q = 2. Let t be 5*13 - 0/q. Suppose 0 = -4*u + 3*o + t, -2*u - 2*u + 41 = 5*o. List the prime factors of u.
2, 7
Let f(v) = 6*v - 1. What are the prime factors of f(3)?
17
Suppose 4 = -3*a + 5*a, -5*c + 68 = 4*a. Suppose -x = -5*x + c. List the prime factors of x.
3
Suppose -4*f + 3*f = -4*n + 76, 38 = 2*n + 5*f. List the prime factors of n.
19
Suppose 2*j = -4*l + 68, 2*j - 4*l = -9 + 77. What are the prime factors of j?
2, 17
Let s(w) = 2*w. Let l be s(1). Suppose -4*h + 3*m = h - 8, -l*h = 2*m. Let p(k) = 3*k - 1. List the prime factors of p(h).
2
Suppose c - 3*p = -15, -p = -3*c + 5*c - 5. Let d(s) = -s**3 - s**2 + 7. List the prime factors of d(c).
7
Suppose 2*c = -0 + 16. Let d = c + -4. List the prime factors of d.
2
Suppose -p = -33 + 18. List the prime factors of p.
3, 5
Suppose 3 = 2*u - 1. What are the prime factors of (10/15)/(u/15)?
5
Let h(u) = 6*u**2 - 9*u + 1. Let y be h(6). Suppose 0 = -5*p + 2*w + y, -3*p - w + 45 = -55. List the prime factors of p.
3, 11
Let a(v) = v + 0*v - 5 + 1. Let m = -11 - -21. List the prime factors of a(m).
2, 3
Let q(d) = 3*d. Let c = -1 + 3. Let b = c - 0. List the prime factors of q(b).
2, 3
What are the prime factors of 1/((-39)/(-5922)) - 16/(-104)?
2, 19
Suppose 169 = 2*y - 65. What are the prime factors of y?
3, 13
Let k be 1/(-1) + 10 + 2. Suppose 0 = 3*j + 4*n + 11 - 27, -k = -4*j + 5*n. List the prime factors of j.
2
Let s = -12 + 14. List the prime factors of s.
2
Let n be 518/21 + 6/(-9). Let j(p) = -7*p + 3. Let x be j(2). Let k = n + x. What are the prime factors of k?
13
Let h(u) = u**2 - 2*u - 1. Let l be h(3). Let p be ((-6)/l + 1)*-3. Let b = 4 + p. What are the prime factors of b?
2, 5
What are the prime factors of (-15)/10*(-84)/9*1?
2, 7
Suppose 0 = -3*s + 6 + 12. Suppose -s*z = -z - 4*f - 45, 4*f - 33 = -z. List the prime factors of z.
13
What are the prime factors of ((-18)/(-6))/(1/14)?
2, 3, 7
What are the prime factors of 318/102 + 4/(-34)?
3
Suppose 5*p = 3*p - 4. Suppose -2*i - 13 = w, -i = 3*w - 0*w + 14. What are the prime factors of -2*(w - (p - 0))?
2
Let g(k) = -k**2 - 3*k - 4. Let x be g(-3). List the prime factors of (-12)/(1 + 7/x).
2
List the prime factors of (-4)/(-14) + (-1028)/(-28).
37
Suppose -3*l - 46 = 5*f, l + 2*f - 6*f = -4. Let x = -5 - l. What are the prime factors of x?
7
Let v(g) = 6*g**2 + 6*g + 16. What are the prime factors of v(-5)?
2, 17
Suppose 35 = j - 28. Suppose 308 = 5*r + j. List the prime factors of r.
7
Let s = -22 + 47. What are the prime factors of s?
5
Let x(m) = m**2 - 20*m - 83. What are the prime factors of x(25)?
2, 3, 7
Let k = 6 + 12. List the prime factors of k.
2, 3
Let w = 70 + -30. List the prime factors of w.
2, 5
Let b(x) = x**2 - 8*x - 3. Let p be b(6). Let a = p - -25. List the prime factors of a.
2, 5
Let d be (-30)/25*(-20)/(-6). Suppose -9 = 2*t - 5*f + 10, -2*t = 2*f + 12. Let i = d - t. What are the prime factors of i?
3
Let a be (-12)/18 + 356/(-6). What are the prime factors of -3*(1 - a/(-9))?
17
Let i = -28 - 35. Let r = i + 88. List the prime factors of r.
5
Suppose -2*w - 204 = -4*s - 6*w, 0 = 3*w. Let o = -35 + s. List the prime factors of o.
2
Suppose j = 6*j + 4*h - 292, -3*j + 188 = -4*h. List the prime factors of j.
2, 3, 5
Suppose -74 = -2*w - 5*z, -5*z - 10 = -0. Let p = 79 - w. Let c = p - 19. List the prime factors of c.
2, 3
Let f(x) = -x - 9. Let a(r) = -r - 4. Let i(h) = -5*a(h) + 2*f(h). Let z be i(-2). Let o(p) = -2*p + 2. List the prime factors of o(z).
2, 5
Suppose -2 = -y + 5*m, -2*y + 6*m + 4 = m. Suppose -n = y*f - 23, 4*f - 3*n - 81 = 2*n. What are the prime factors of f?
2, 7
What are the prime factors of 16/(1 - -3) + 34?
2, 19
Let w = -182 - -378. List the prime factors of w.
2, 7
Let t be 102/10 - 4/20. Suppose 0 = 2*c - 4*c - 6. Let i = t - c. List the prime factors of i.
13
Let j(h) = 9*h - 9. Let l(w) = w. Let a(s) = j(s) - 12*l(s). List the prime factors of a(-6).
3
Let z(p) = -p - 5. Let r be z(4). Let d = r + 19. Suppose -3*q = -d - 5. What are the prime factors of q?
5
Let l = -9 + 12. Suppose 0 = -3*b - b + 16. Let o = b + l. List the prime factors of o.
7
Let d = 28 - 15. Suppose 5*b - 5*o - 130 = 0, 12 + d = 5*o. List the prime factors of b.
31
Suppose 3*t - 176 = -t. Suppose 0 = 2*i - 14 - t. List the prime factors of i.
29
Suppose -1 = -3*w + 2*k, w = -3*w - 4*k + 8. List the prime factors of w*(-3)/(-3) + 4.
5
Suppose 3*j = -0*j - 120. Let m = -27 - j. What are the prime factors of m?
13
Let y = -23 - -15. Suppose 0 = 5*g + 7 + 23. Let b = g - y. What are the prime factors of b?
2
Let n be 3 - -1 - 1/1. Suppose 0*i = -3*i - r + 100, 95 = n*i + 2*r. Suppose -2 + 23 = 3*s + 2*f, 5*s - 2*f = i. List the prime factors of s.
7
Let l = -2 - -12. Let v(z) = -3 + 0*z**3 + 8*z**2 + 5 - z**3 + l*z. List the prime factors of v(9).
11
Let h be (0 - -6)*(-4)/(-6). Suppose -k - 36 = -2*o, 2*o - 24 = 8*k - h*k. What are the prime factors of o?
2, 5
Let r = -12 - -17. Suppose 0 = 2*g + r - 1. What are the prime factors of 9*(g/6 + 1)?
2, 3
Let s be (-3)/(-2)*(-4)/(-6). Let h = s - -1. Suppose d - h*d + 15 = 0. List the prime factors of d.
3, 5
Suppose -a + 4*a - 87 = 0. Let y = -13 + a. What are the prime factors of y?
2
Let q be 3*1*(-60)/(-9). Let a = q - 8. List the prime factors of a.
2, 3
Suppose -s = -3*j - 48, -s + 34 = -2*j - 15. Let t = 77 - s. List the prime factors of t.
2, 13
Let m(f) = f**3 - 5*f**2 + 4*f - 5. Let d be m(5). Suppose r = -2*r. What are the prime factors of (d - 0) + r + -2?
13
Let f(s) = s**3 + 4*s**2 + 2. Let u be f(-4). Suppose 17 = u*y - 1. Let j = 8 + y. List the prime factors of j.
17
Suppose -2*f + 13 = r + 4*r, 0 = 5*f + 5. Suppose -r*i - 8 = -44. What are the prime factors of i?
2, 3
Let w = 2 - -17. What are the prime factors of w?
19
Suppose x + 6 - 62 = 0. What are the prime factors of x?
2, 7
Let c be (0 + -2)*(-7 - -5). Let w(g) = g**2 - 2. What are the prime factors of w(c)?
2, 7
Let y(x) = x - 2. Let k(a) = a**3 + 7*a**2 - 2*a. Let s be k(-7). List the prime factors of y(s).
2, 3
Suppose -2*w = -3 - 3. Suppose -2*h - w = -45. List the prime factors of h.
3, 7
Let n(l) = -l - 1. List the prime factors of n(-5).
2
Let l = 13 + -13. Suppose l*h = 4*h - 84. List the prime factors of h.
3, 7
Let j(n) = -7*n**3 - 13*n**2 + 7*n + 7. Let b(r) = -4*r**3 - 7*r**2 + 3*r + 3. Let h(d) = 5*b(d) - 3*j(d). What are the prime factors of h(-4)?
2, 3
Suppose -2*b = 9 - 1. Let o(u) = 3*u**2 + u + 5. What are the prime factors of o(b)?
7
Let s be (-5 + -2 - -1) + -2. Let f(k) = -k + 1 + 2*k + 10. What are the prime factors of f(s)?
3
Suppose z + 2 = 5. Suppose -4*m + 3*m = z. List the prime factors of m - -5 - (-20)/2.
2, 3
Suppose 216 = -6*w + 1326. List the prime factors of w.
5, 37
What are the prime factors of (-141)/(-9) + ((-12)/(-9) - 2)?
3, 5
Let f = -4 - 13. Let q = f - -24. List the prime factors of q.
7
Suppose -1 = -f + 4. Suppose -f*w = l - 18, -2*w = w - 9. Suppose 3*h + 9 = 0, n - 27 = -l*n - 3*h. What are the prime factors of n?
3
Let t(a) = -a**3 - 10*a**2 - 10*a + 7. Let h be t(-9). What are the prime factors of h*(30/8 + -2)?
2, 7
Let y(q) = q**3 + 13*q**2 + 14*q - 12. What are the prime factors of y(-11)?
2, 19
Let x(q) = 12*q**3 + 2*q**2 - 3*q - 2. List the prime factors of x(2).
2, 3
Suppose 3 = m - 2*m. What are the prime factors of (2/m)/(1/(-12))?
2
Suppose 0 = -3*i + i + 176. What are the prime factors of i?
2, 11
Let t(i) be the first derivative of -5*i**2/2 + i - 1. List the prime factors of t(-3).
2
Suppose x + 36 - 169 = 0. List the prime factors of x.
7, 19
Suppose -5*w - 106 = 9. Let j = w - -51. What are the prime factors of j?
2, 7
Suppose 18*p = 13*p + 40. What are the prime factors of p/(-28) + (-219)/(-7)?
31
Let i(c) = 2*c**3 - c**2 + 11*c + 3. Let j(q) = 3*q**3 - 3*q**2 + 21*q + 6. Let y(f) = 5*i(f) - 3*j(f). What are the prime factors of y(-5)?
2, 3
Let r = -89 - -96. List the prime factors of r.
7
Let z(b) be the thi